{"id":21,"date":"2019-12-03T21:26:36","date_gmt":"2019-12-03T21:26:36","guid":{"rendered":"http:\/\/erklaerung-selbstbestimmte-bildung.de\/?page_id=21"},"modified":"2022-05-16T15:09:51","modified_gmt":"2022-05-16T15:09:51","slug":"ueber-uns","status":"publish","type":"page","link":"https:\/\/erklaerung-selbstbestimmte-bildung.de\/index.php\/ueber-uns\/","title":{"rendered":"\u00dcber uns"},"content":{"rendered":"\n<p>Wir sind eine kleine Gruppe von teilweise langj\u00e4hrigen Aktivist*innen in Sachen Freilernen bzw. von Eltern freilernender junger Menschen, n\u00e4mlich im Einzelnen:<\/p>\n\n\n\n<ul class=\"wp-block-list\"><li><strong>Lothar Kittstein<\/strong>, Historiker und freier Schriftsteller&nbsp;<\/li><\/ul>\n\n\n\n<ul class=\"wp-block-list\"><li><strong>Stefanie Weisgerber<\/strong>, <a rel=\"noreferrer noopener\" aria-label=\" (\u00f6ffnet in neuem Tab)\" href=\"https:\/\/www.freilerner-kompass.de\/\" target=\"_blank\">www.freilerner-kompass.de<\/a>, <a rel=\"noreferrer noopener\" aria-label=\" (\u00f6ffnet in neuem Tab)\" href=\"https:\/\/freilerner.de\/\" target=\"_blank\">Redaktion Freilerner-Zeitschrift<\/a>, Mutter und Aktivistin bei der <a rel=\"noreferrer noopener\" aria-label=\" (\u00f6ffnet in neuem Tab)\" href=\"https:\/\/nrw.infsb.de\/\" target=\"_blank\">Initiative f\u00fcr selbstbestimmte Bildung, Regionalgruppe NRW<\/a><\/li><\/ul>\n\n\n\n<ul class=\"wp-block-list\"><li><strong>Immanuel Zirkler<\/strong>, <a rel=\"noreferrer noopener\" aria-label=\" (\u00f6ffnet in neuem Tab)\" href=\"https:\/\/freilerner.de\/\" target=\"_blank\">Redaktion Freilerner-Zeitschrift<\/a> und Initiator der Facebookgruppe <a rel=\"noreferrer noopener\" aria-label=\" (\u00f6ffnet in neuem Tab)\" href=\"https:\/\/www.facebook.com\/groups\/FreilerneninDeutschland\/\" target=\"_blank\">\u201eFreilernen in Deutschland\u201c<\/a>&nbsp;<\/li><\/ul>\n\n\n\n<h4 class=\"wp-block-heading\">Verantwortlich f\u00fcr die technische Umsetzung ist Lars Deutschl\u00e4nder.<\/h4>\n\n\n\n<p><\/p>\n\n\n\n<p>Unsere \u00dcberlegungen begannen 2018. Damals h\u00e4uften sich bei Freilernern Interviewanfragen seitens rechtspopulistischer Medien und Webseiten. Wir wollten verhindern, dass das Thema Freilernen von rechten Positionen vereinnahmt wird. Deshalb enth\u00e4lt der Text eine klare Distanzierung von Extremismus und Diskriminierung. Er geht aber dar\u00fcber hinaus, indem er zugleich Freilernen offensiv als B\u00fcrgerrechtsthema positioniert. Wir m\u00f6chten das Verbot, in Deutschland als Kind schulfrei zu leben, als Demokratiedefizit thematisieren. So soll das Recht auf Selbstbestimmung in der Bildung f\u00fcr m\u00f6glichst gro\u00dfe Teile von \u00d6ffentlichkeit, Wissenschaft und Politik diskussionsw\u00fcrdig werden.<\/p>\n\n\n\n<p>Wir haben die \u201eErkl\u00e4rung zum Recht auf Selbstbestimmung in der Bildung\u201c in Abstimmung mit den wichtigsten Organisationen der Freilernerszene \u2013 insbesondere der <a rel=\"noreferrer noopener\" aria-label=\" (\u00f6ffnet in neuem Tab)\" href=\"https:\/\/www.freilerner-solidargemeinschaft.de\" target=\"_blank\">Freilerner-Solidargemeinschaft<\/a> und der <a rel=\"noreferrer noopener\" aria-label=\" (\u00f6ffnet in neuem Tab)\" href=\"https:\/\/infsb.de\" target=\"_blank\">Initiative f\u00fcr selbstbestimmte Bildung INFSB<\/a> \u2013 sowie mit einer Vielzahl von Aktivist*innen und Expert*innen erarbeitet.&nbsp;<\/p>\n\n\n\n<p>Allen, die uns Feedback gegeben haben und die uns bei der Umsetzung beraten und unterst\u00fctzt haben, gilt unser herzlicher Dank.<\/p>\n\n\n\n<p><\/p>\n\n\n\n<p>\u2014\u2014\u2014\u2014\u2014\u2014\u2014\u2014\u2014\u2014\u2014\u2014\u2014\u2014\u2014\u2014\u2014\u2014\u2014\u2014\u2014\u2014\u2014\u2014\u2014\u2014\u2014\u2014\u2014\u2014\u2014\u2014\u2014\u2014\u2014\u2014<\/p>\n\n\n\n<p><strong>HINWEIS<\/strong>: Die Erkl\u00e4rung zum Recht auf Selbstbestimmung in der Bildung wurde im Januar 2020 ver\u00f6ffentlicht und kann seither mitgezeichnet werden.<\/p>\n\n\n\n<p>Der BVNL diskutierte bei der Mitgliederversammlung am 7. M\u00e4rz 2020 \u00fcber die Erkl\u00e4rung und beschloss, diese nicht mit zu unterzeichnen. Innerhalb des BVNL gab es keinen Konsens, die Passage mit zu tragen,&nbsp;in der wir uns von der Ideologie der Staatsleugner (sogenannte \u201eReichsb\u00fcrger\u201c), von nationalistisch oder v\u00f6lkisch gepr\u00e4gter Esoterik und von Rassismus, Nationalismus und Antisemitismus sowie religi\u00f6sem Fundamentalismus in jeglicher Form distanzieren.&nbsp;Statt durch Abgrenzung will der BVNL durch seine Arbeit deutlich machen, wof\u00fcr er steht.&nbsp;<\/p>\n\n\n\n<p>Da in den Diskussionen in der Telegram-Gruppe des BVNL leider immer wieder auch problematische Beitr\u00e4ge mit dabei sind, haben wir im Mai 2022 die Verlinkungen zum BVNL von dieser Webseite entfernt.<\/p>\n","protected":false},"excerpt":{"rendered":"<p>Wir sind eine kleine Gruppe von teilweise langj\u00e4hrigen Aktivist*innen in Sachen Freilernen bzw. von Eltern freilernender junger Menschen, n\u00e4mlich im Einzelnen: Lothar Kittstein, Historiker und freier Schriftsteller&nbsp; Stefanie Weisgerber, www.freilerner-kompass.de, Redaktion Freilerner-Zeitschrift, Mutter und Aktivistin bei der Initiative f\u00fcr selbstbestimmte &hellip; <a href=\"https:\/\/erklaerung-selbstbestimmte-bildung.de\/index.php\/ueber-uns\/\">Weiterlesen <span class=\"meta-nav\">&rarr;<\/span><\/a><\/p>\n","protected":false},"author":1,"featured_media":0,"parent":0,"menu_order":0,"comment_status":"closed","ping_status":"closed","template":"sidebar-page.php","meta":{"footnotes":""},"class_list":["post-21","page","type-page","status-publish","hentry"],"_links":{"self":[{"href":"https:\/\/erklaerung-selbstbestimmte-bildung.de\/index.php\/wp-json\/wp\/v2\/pages\/21","targetHints":{"allow":["GET"]}}],"collection":[{"href":"https:\/\/erklaerung-selbstbestimmte-bildung.de\/index.php\/wp-json\/wp\/v2\/pages"}],"about":[{"href":"https:\/\/erklaerung-selbstbestimmte-bildung.de\/index.php\/wp-json\/wp\/v2\/types\/page"}],"author":[{"embeddable":true,"href":"https:\/\/erklaerung-selbstbestimmte-bildung.de\/index.php\/wp-json\/wp\/v2\/users\/1"}],"replies":[{"embeddable":true,"href":"https:\/\/erklaerung-selbstbestimmte-bildung.de\/index.php\/wp-json\/wp\/v2\/comments?post=21"}],"version-history":[{"count":25,"href":"https:\/\/erklaerung-selbstbestimmte-bildung.de\/index.php\/wp-json\/wp\/v2\/pages\/21\/revisions"}],"predecessor-version":[{"id":274,"href":"https:\/\/erklaerung-selbstbestimmte-bildung.de\/index.php\/wp-json\/wp\/v2\/pages\/21\/revisions\/274"}],"wp:attachment":[{"href":"https:\/\/erklaerung-selbstbestimmte-bildung.de\/index.php\/wp-json\/wp\/v2\/media?parent=21"}],"curies":[{"name":"wp","href":"https:\/\/api.w.org\/{rel}","templated":true}]}}